121?
-125116
In base 8, what is 3 - 102603?
-102600
In base 10, what is -112 - -11209?
11097
In base 15, what is -25 - 363?
-388
In base 16, what is 3 + -6e959?
-6e956
In base 5, what is -241 + -34111?
-34402
In base 14, what is 2901 - -7?
2908
In base 4, what is 3 + 10101203?
10101212
In base 6, what is -3 - 2143454?
-2143501
In base 10, what is -421 - 518?
-939
In base 12, what is 3b94 - 113?
3a81
In base 6, what is 232342 - 3?
232335
In base 5, what is -1012 - 304322?
-310334
In base 6, what is -433 + 3435?
3002
In base 4, what is -10023202 - 10?
-10023212
In base 15, what is -12023 + -2?
-12025
In base 5, what is -2203232 + 2?
-2203230
In base 12, what is 1a81 - -76?
1b37
In base 12, what is -2165 - -367?
-19ba
In base 16, what is -6 - 90a2?
-90a8
In base 16, what is 4 + a1e48?
a1e4c
In base 11, what is -40471 + -5?
-40476
In base 7, what is 24 + -63101?
-63044
In base 14, what is 404 - 85?
35d
In base 4, what is -3 + -13111012?
-13111021
In base 4, what is 1100 - 21103?
-20003
In base 10, what is 74 - -111?
185
In base 10, what is -215727 - -2?
-215725
In base 11, what is 2953213 - -4?
2953217
In base 5, what is -13 - -133123?
133110
In base 13, what is -9924 + -37?
-995b
In base 8, what is 323 - -4325?
4650
In base 6, what is -152334 + 0?
-152334
In base 8, what is -153 + -1257?
-1432
In base 14, what is -5 + 59b?
596
In base 8, what is 11041 + -4?
11035
In base 13, what is 5 - -82152?
82157
In base 10, what is 3 + 4624?
4627
In base 3, what is 11 + 101220200201?
101220200212
In base 13, what is -96b - -112?
-859
In base 4, what is -132330313 - -131?
-132330122
In base 10, what is -115 + -1902?
-2017
In base 15, what is -3a39 + 2d?
-3a0b
In base 8, what is 5 - -22754?
22761
In base 8, what is -431 - 124?
-555
In base 3, what is -2 - -2222001100?
2222001021
In base 6, what is -5101 - 444?
-5545
In base 9, what is -8321 + 544?
-7666
In base 6, what is 11253303 - 1?
11253302
In base 9, what is 335448 - -2?
335451
In base 15, what is -a - -24d2?
24c7
In base 14, what is 4 + 1ca1?
1ca5
In base 3, what is -101220002 + 11?
-101212221
In base 2, what is -1101100100011000 + 100?
-1101100100010100
In base 4, what is 1103031 + -3?
1103022
In base 14, what is 0 + 23a0d8?
23a0d8
In base 3, what is -12021011 - -202?
-12020102
In base 15, what is 5 - 18c63?
-18c5d
In base 12, what is 3 - 4720?
-4719
In base 13, what is -57 + -13c2a?
-13c84
In base 6, what is 33 - 22300?
-22223
In base 3, what is 100 + -21222201121?
-21222201021
In base 12, what is -51b4 - 19?
-5211
In base 3, what is -11021 + -11020?
-22111
In base 16, what is 54 + -12f3?
-129f
In base 12, what is -4 - -62b8?
62b4
In base 7, what is 466 - 4430?
-3631
In base 15, what is -4 - 35acc?
-35ad1
In base 2, what is 10101000010 + 101000010110?
111101011000
In base 9, what is -3 + 6215?
6212
In base 15, what is -13 + -4c9a4?
-4c9b7
In base 14, what is -1 - -8b30?
8b2d
In base 13, what is 0 + -16a39c?
-16a39c
In base 6, what is 44213 - -505?
45122
In base 6, what is 3222134 - -3?
3222141
In base 4, what is 21 + 212210?
212231
In base 5, what is -33222 - -3?
-33214
In base 8, what is 1 + -14000?
-13777
In base 16, what is c8d + 5e?
ceb
In base 15, what is 1d0e1 + -2?
1d0de
In base 5, what is 22 + -224022?
-224000
In base 9, what is -58 + 14512?
14443
In base 10, what is -199576 - 2?
-199578
In base 10, what is 1 - -631352?
631353
In base 16, what is -2 - 18c1?
-18c3
In base 4, what is -2 - -2210033031?
2210033023
In base 3, what is -20001001 + 110220?
-12120011
In base 13, what is -16c703 + -2?
-16c705
In base 9, what is -82531 + 35?
-82485
In base 8, what is 10574501 + 0?
10574501
In base 13, what is 8c + 169?
228
In base 16, what is 7e - -10ef?
116d
In base 11, what is -68016 - 0?
-68016
In base 8, what is -1165000 - -1?
-1164777
In base 12, what is -182 + -2785?
-2947
In base 7, what is 133 - 140?
-4
In base 10, what is -194 - 147?
-341
In base 14, what is -211 - 1b91?
-1da2
In base 14, what is -6b77 + 9a?
-6abb
In base 6, what is -120454 + -322?
-121220
In base 11, what is -4 + 1a9aa7?
1a9aa3
In base 2, what is -10 + -110100010000100001?
-110100010000100011
In base 14, what is -4 + 1603?
15dd
In base 9, what is 736780 + -4?
736775
In base 12, what is 4 + 7a46a?
7a472
In base 14, what is 361 + 113?
474
In base 16, what is -72 - 9ff?
-a71
In base 15, what is -1757 + 1b?
-173b
In base 15, what is 2bd - e5a?
-b8c
In base 13, what is 9 - -5165?
5171
In base 16, what is -4a495 - 4?
-4a499
In base 10, what is 5 - 412308?
-412303
In base 5, what is -10 + 3042204?
3042144
In base 14, what is -5a + 3d7?
37b
In base 11, what is 274 - 165a?
-1396
In base 9, what is -11 - 111467?
-111478
In base 15, what is 4 + eae8?
eaec
In base 13, what is -1 + -164296?
-164297
In base 9, what is 25053 - 1?
25052
In base 9, what is -7 - -37860?
37852
In base 15, what is 1dc - -3?
1e0
In base 15, what is 221 - 12b0?
-108e
In base 4, what is 132330213 - -1?
132330220
In base 2, what is 111111111101 - -11000111?
1000011000100
In base 15, what is -2b + -1a8?
-1d4
In base 11, what is 6636 - 146?
64a0
In base 5, what is -1030 + -130133?
-131213
In base 11, what is -2 + 4923?
4921
In base 3, what is -11201202100 + 2?
-11201202021
In base 10, what is -132 + 127?
-5
In base 2, what is -1000000 + -1000111111?
-1001111111
In base 16, what is -16d - e8?
-255
In base 14, what is 84d + -2c?
821
In base 7, what is -462 + 1455?
663
In base 16, what is 401b46 + 5?
401b4b
In base 7, what is 32302 + 330?
32632
In base 6, what is 3100345 + 1?
3100350
In base 2, what is 100 + -1010011000010010110?
-1010011000010010010
In base 11, what is 56a1a + -5?
56a15
In base 9, what is 10074108 + -1?
10074107
In base 10, what is -696763 - 0?
-696763
In base 12, what is 22241 + 2?
22243
In base 3, what is -120 - 122011222?
-122012112
In base 7, what is 1 - -6000?
6001
In base 16, what is 13838 + -13?
13825
In base 16, what is 208f4 + -12?
208e2
In base 16, what is -4 - -5036a?
50366
In base 6, what is -15 - -23502?
23443
In base 12, what is -1 - -1aba?
1ab9
In base 15, what is -4 + -91c9?
-91cd
In base 4, what is -302332233 + 10?
-302332223
In base 4, what is 12013100 + -1?
12013033
In base 10, what is -17 - 5766?
-5783
In base 7, what is 1144606 - -26?
1144635
In base 10, what is 14342 + 56?
14398
In base 14, what is -17b + 121a?
107d
In base 10, what is -5 + -622612?
-622617
In base 16, what is -76c3 + -3?
-76c6
In base 12, what is -2 - -139706?
139704
In base 11, what is -622 - -48?
-585
In base 13, what is 29b - 2?
299
In base 11, what is -9821 + -3a2?
-a113
In base 13, what is 5 - 18336?
-18331
In base 7, what is 3 + -351302?
-351266
In base 5, what is 3230 - 130114?
-121334
In base 16, what is -f + -2fc?
-30b
In base 9, what is -12 + -308?
-321
In base 16, what is 1 - -46b8?
46b9
In base 15, what is 995 - -d?
9a3
In base 11, what is 0 - 21803?
-21803
In base 15, what is -1a - -5b47?
5b2c
In base 14, what is 38 + -c54b?
-c513
In base 4, what is -103321210 + 10?
-103321200
In base 13, what is 4 - 164c49?
-164c45
In base 7, what is -10 + 126232?
126222
In base 4, what is 2 - -1131021120?
1131021122
In base 2, what is 1101100 - -1011011110?
1101001010
In base 3, what is -221010120 - 12120?
-221100010
In base 6, what is -11324 + -1333?
-13101
In base 2, what is -1111111101111110 - -10?
-1111111101111100
In base 9, what is -21448 + -30?
-21478
In base 2, what is -11101 - 10001011101010110?
-10001011101110011
In base 11, what is 20710 - 13?
206a8
In base 4, what is 1022023 - 13100?
1002323
In base 16, what is 5855 + -4?
5851
In base 4, what is -211 + -20101?
-20312
In base 9, what is -551 - -581?
30
In base 13, what is 29a7 - 88?
291c
In base 8, what is 44434 - 31?
44403
In base 5, what is 2 + 404?
411
In base 10, what is -16882 - -2?
-16880
In base 6, what is -14315312 + 0?
-14315312
In base 12, what is 977 - 15b?
818
In base 5, what is -4 + 3040244?
3040240
In base 14, what is 31d - 308?
15
In base 10, what is -3298 - 3?
-3301
In base 3, what is 2002201220210 - 10?
2002201220200
In base 15, what is 3a71 + 3?
3a74
In base 5, what is 231 - 43340?
-43104
In base 4, what is 11 + -312012?
-312001
In base 15, what is 1e3 - -3b?
22e
In base 8, what is -31055 + -1?
-31056
In base 3, what is -12 - -10112021021?
10112021002
In base 4, what is -22221 - 10321?